{"id":60,"date":"2020-08-30T10:58:42","date_gmt":"2020-08-30T10:58:42","guid":{"rendered":"https:\/\/larsmankennel.com\/?page_id=60"},"modified":"2024-12-07T16:51:49","modified_gmt":"2024-12-07T16:51:49","slug":"nasi-psi","status":"publish","type":"page","link":"https:\/\/larsmankennel.com\/?page_id=60","title":{"rendered":"Na\u0161i psi"},"content":{"rendered":"<p>[vc_row bg_type=&#8221;image&#8221; parallax_style=&#8221;vcpb-default&#8221; bg_image_new=&#8221;id^24|url^https:\/\/larsmankennel.com\/wp-content\/uploads\/2020\/08\/bgslikataca4.png|caption^null|alt^null|title^bgslikataca4|description^null&#8221; bg_image_repeat=&#8221;no-repeat&#8221; bg_image_size=&#8221;contain&#8221; bg_image_posiiton=&#8221;bottom right&#8221; bg_override=&#8221;ex-full&#8221;][vc_column width=&#8221;1\/2&#8243;][vc_single_image image=&#8221;1104&#8243; img_size=&#8221;medium&#8221; alignment=&#8221;center&#8221;][vc_custom_heading text=&#8221;Luna&#8221; font_container=&#8221;tag:h2|text_align:center|color:%23bf582b&#8221; use_theme_fonts=&#8221;yes&#8221;][vc_column_text]<\/p>\n<p style=\"text-align: center; font-size: 0.7em;\"><strong>Rojstni datum: <\/strong>12.7.2020<br \/>\n<strong>Rodovni\u0161ko ime: <\/strong>Luna Rising Star Zasadkowe Bory<br \/>\n<strong>Kolki: <\/strong> A<br \/>\n<strong>O\u010di:\u00a0<\/strong>\u010diste, gonio: grade 2 (2024)<br \/>\n<strong>Genetski testi:\u00a0<\/strong>FN, PFKD, Fucosidosis, AMS, PRA-Cord1, DM: all clear<br \/>\nDAMS: carrier<br \/>\n<strong>Dose\u017eki: <\/strong>JCH SI, SHOW CH SI, AUT CH, BBH, Rally Obedience 1<\/p>\n<p style=\"text-align: center; font-size: 0.7em;\">Sieger&#8217;s Walk on The Wild Side x Piece of Gold Venandi Peritus<\/p>\n<p>[\/vc_column_text][vc_column_text]<\/p>\n<p style=\"text-align: justify;\">Luna je zelo prisr\u010dna, mirna (lena? &#8211; lahko le\u017ei cel dan) in neproblemati\u010dna punca. Na sprehodu ne vle\u010de, prav tako ne na canicross oprsnici. Svojo borbenost poka\u017ee v dru\u017ebi drugih psov, vse igra\u010de so njene, ker je \u0161efica. Sicer pa pse sprejme v svojo dru\u017ebo (oziroma jih ignorira). Je tudi zelo u\u010dljiva. Malo sva trenirali agility, ker pa je precej lena, sva &#8221;pre\u0161altali&#8221; na Rally Obedience.<\/p>\n<p>[\/vc_column_text][vc_single_image image=&#8221;1119&#8243; img_size=&#8221;medium&#8221; alignment=&#8221;center&#8221;][vc_custom_heading text=&#8221;Bean&#8221; font_container=&#8221;tag:h2|text_align:center|color:%23e28534&#8243; use_theme_fonts=&#8221;yes&#8221;][vc_column_text]<\/p>\n<p style=\"text-align: center; font-size: 0.7em;\"><strong>Rojstni datum:\u00a0<\/strong>26.12.2022<br \/>\n<strong>Rodovni\u0161ko ime: <\/strong>Larsman Bean<br \/>\n<strong>Kolki:\u00a0<\/strong>A<br \/>\n<strong>O\u010di: <\/strong>\u010diste, gonio: grade 0<br \/>\n<strong>Genetski testi:<\/strong> FN, PFKD, Fucosidosis, AMS, DAMS, PRA-Cord1, DM: all clear<br \/>\n<strong>Dose\u017eki: <\/strong>Slovenian Hope, AUT JCH, SI JCH, SI SHOW CH<\/p>\n<p style=\"text-align: center; font-size: 0.7em;\">Dowiti&#8217;s Ice Age x Luna Rising Star Zasadkowe Bory<\/p>\n<p style=\"text-align: justify;\">Bean je Lunin sin iz njenega prvega legla z Edwinom. Je priden in neproblemati\u010den fant. Za\u010dela sva s treningi mantrailinga.<\/p>\n<p>[\/vc_column_text][\/vc_column][vc_column width=&#8221;1\/2&#8243;][vc_single_image image=&#8221;65&#8243; img_size=&#8221;medium&#8221; alignment=&#8221;center&#8221; css_animation=&#8221;slideInUp&#8221;][vc_custom_heading text=&#8221;Kira&#8221; font_container=&#8221;tag:h2|text_align:center|color:%23b36b39&#8243; use_theme_fonts=&#8221;yes&#8221;][vc_column_text]<\/p>\n<p style=\"text-align: center; font-size: 0.7em;\"><strong>Rojstni datum: <\/strong>19.01.2018<br \/>\n<strong>Rodovni\u0161ko ime: <\/strong>Sporty Springers Running Wild<br \/>\n<strong>Kolki: <\/strong>A<br \/>\n<strong>O\u010di: <\/strong>\u010diste, gonio: grade 0 (avgust 2021)<br \/>\n<strong>Dose\u017eki: <\/strong>SI JCH, HR JCH, SI Show CH, BBH, Rally Obedience 4<\/p>\n<p style=\"text-align: center; font-size: 0.7em;\">Lizziardhs Laphroaig x Sporty Springers Nangilima<\/p>\n<p style=\"text-align: justify;\">Kira u\u017eiva v najrazli\u010dnej\u0161ih \u0161portnih aktivnostih: poslu\u0161nost, prina\u0161anje, tek, plavanje, pohodni\u0161tvo. Od igra\u010d ima najraje pli\u0161aste in piskajo\u010de igra\u010de, ki jih z najve\u010djim \u017earom prina\u0161a. Rada je v sredi\u0161\u010du pozornosti in obo\u017euje dolge sprehode v na\u0161i dru\u017ebi. Tekmujeva v Rally Obedience-u, najve\u010djo te\u017eavo nama povzro\u010da odlaganje.<\/p>\n<p>[\/vc_column_text][\/vc_column][vc_column width=&#8221;1\/2&#8243;][vc_single_image image=&#8221;1101&#8243; img_size=&#8221;medium&#8221; alignment=&#8221;center&#8221; css_animation=&#8221;slideInUp&#8221;][vc_custom_heading text=&#8221;Aladin&#8221; font_container=&#8221;tag:h2|text_align:center|color:%23b36b39&#8243; use_theme_fonts=&#8221;yes&#8221;][vc_column_text]<\/p>\n<p style=\"font-size: 0.7em;\"><strong>Rojstni datum: <\/strong>22.01.2020<br \/>\n<strong>Rodovni\u0161ko ime: <\/strong>Larsman Aladdin&#8217;s Lamp<br \/>\n<strong>Kolki: <\/strong>A<br \/>\n<strong>O\u010di: <\/strong>\u010diste, gonio: grade 1 (2021)<br \/>\n<strong>Dose\u017eki: <\/strong> BBH, BGH1, BGH2<\/p>\n<p style=\"text-align: center; font-size: 0.7em;\">Colepepper&#8217;s Fallen Angel x Sporty Springers Running Wild<\/p>\n<p style=\"text-align: justify;\">Aladin je Kirin sin iz njenega legla z Baalom <i>(Collepeper&#8217;s\u00a0Fallen Angel)<\/i>. Je zelo \u017eivahen fant. Od na\u0161ih \u0161panjelov je karakterno on najbolj zahteven, mogo\u010de pa tudi najbolj talentiran za razli\u010dne dejavnosti. Trenirava poslu\u0161nost in canicross, v\u010dasih pa sva malo trenirala tudi agility.<\/p>\n<p>[\/vc_column_text][\/vc_column][\/vc_row][vc_row full_width=&#8221;stretch_row_content_no_spaces&#8221; css=&#8221;.vc_custom_1599810610985{margin-bottom: 0px !important;}&#8221;][vc_column][vc_single_image image=&#8221;126&#8243; img_size=&#8221;full&#8221; alignment=&#8221;center&#8221; css_animation=&#8221;bounceInRight&#8221; css=&#8221;.vc_custom_1599810624916{margin-bottom: 0px !important;}&#8221;][\/vc_column][\/vc_row][vc_row bg_type=&#8221;image&#8221; parallax_style=&#8221;vcpb-default&#8221; bg_image_new=&#8221;id^30|url^https:\/\/larsmankennel.com\/wp-content\/uploads\/2020\/08\/slikabg4-jpg.jpg|caption^null|alt^null|title^slikabg4 jpg|description^null&#8221; bg_image_repeat=&#8221;no-repeat&#8221; bg_override=&#8221;full&#8221;][vc_column width=&#8221;2\/3&#8243;][vc_column_text]<strong><span style=\"color: #ffffff; font-size: 22px;\">Imate kak\u0161no vpra\u0161anje za nas?<\/span><\/strong>[\/vc_column_text][\/vc_column][vc_column width=&#8221;1\/3&#8243;][vc_btn title=&#8221;KONTAKT&#8221; style=&#8221;outline&#8221; color=&#8221;white&#8221; size=&#8221;lg&#8221; align=&#8221;center&#8221; css_animation=&#8221;bounceInUp&#8221; button_block=&#8221;true&#8221; link=&#8221;url:https%3A%2F%2Flarsmankennel.com%2F%3Fpage_id%3D68%26lang%3Den&#8221;][\/vc_column][\/vc_row]<\/p>\n<p>&nbsp;<\/p>\n","protected":false},"excerpt":{"rendered":"<p class=\"card-text\">[vc_row bg_type=&#8221;image&#8221; parallax_style=&#8221;vcpb-default&#8221; bg_image_new=&#8221;id^24|url^https:\/\/larsmankennel.com\/wp-content\/uploads\/2020\/08\/bgslikataca4.png|caption^null|alt^null|title^bgslikataca4|description^null&#8221; bg_image_repeat=&#8221;no-repeat&#8221; bg_image_size=&#8221;contain&#8221; bg_image_posiiton=&#8221;bottom right&#8221; bg_override=&#8221;ex-full&#8221;][vc_column width=&#8221;1\/2&#8243;][vc_single_image image=&#8221;1104&#8243; img_size=&#8221;medium&#8221; alignment=&#8221;center&#8221;][vc_custom_heading text=&#8221;Luna&#8221; font_container=&#8221;tag:h2|text_align:center|color:%23bf582b&#8221; use_theme_fonts=&#8221;yes&#8221;][vc_column_text] Rojstni datum: 12.7.2020 Rodovni\u0161ko ime: Luna Rising Star Zasadkowe Bory Kolki: A O\u010di:\u00a0\u010diste, gonio: grade 2 (2024) Genetski testi:\u00a0FN, PFKD, Fucosidosis, AMS, PRA-Cord1, DM: all clear DAMS: carrier Dose\u017eki: JCH SI, SHOW CH SI, AUT CH, BBH, Rally Obedience [&#8230;]<\/p>\n<p class=\"m-0\"><a class=\"btn btn-outline-secondary btn-read-more\" href=\"https:\/\/larsmankennel.com\/?page_id=60\">Read More<\/a><\/p>\n","protected":false},"author":1,"featured_media":0,"parent":0,"menu_order":0,"comment_status":"closed","ping_status":"closed","template":"","meta":{"om_disable_all_campaigns":false,"_monsterinsights_skip_tracking":false,"_monsterinsights_sitenote_active":false,"_monsterinsights_sitenote_note":"","_monsterinsights_sitenote_category":0,"_uf_show_specific_survey":0,"_uf_disable_surveys":false,"footnotes":""},"yoast_head":"<!-- This site is optimized with the Yoast SEO plugin v23.0 - https:\/\/yoast.com\/wordpress\/plugins\/seo\/ -->\n<title>Na\u0161i psi - Larsman<\/title>\n<meta name=\"robots\" content=\"index, follow, max-snippet:-1, max-image-preview:large, max-video-preview:-1\" \/>\n<link rel=\"canonical\" href=\"https:\/\/larsmankennel.com\/?page_id=60\" \/>\n<meta property=\"og:locale\" content=\"sl_SI\" \/>\n<meta property=\"og:type\" content=\"article\" \/>\n<meta property=\"og:title\" content=\"Na\u0161i psi - Larsman\" \/>\n<meta property=\"og:description\" content=\"[vc_row bg_type=&#8221;image&#8221; parallax_style=&#8221;vcpb-default&#8221; bg_image_new=&#8221;id^24|url^https:\/\/larsmankennel.com\/wp-content\/uploads\/2020\/08\/bgslikataca4.png|caption^null|alt^null|title^bgslikataca4|description^null&#8221; bg_image_repeat=&#8221;no-repeat&#8221; bg_image_size=&#8221;contain&#8221; bg_image_posiiton=&#8221;bottom right&#8221; bg_override=&#8221;ex-full&#8221;][vc_column width=&#8221;1\/2&#8243;][vc_single_image image=&#8221;1104&#8243; img_size=&#8221;medium&#8221; alignment=&#8221;center&#8221;][vc_custom_heading text=&#8221;Luna&#8221; font_container=&#8221;tag:h2|text_align:center|color:%23bf582b&#8221; use_theme_fonts=&#8221;yes&#8221;][vc_column_text] Rojstni datum: 12.7.2020 Rodovni\u0161ko ime: Luna Rising Star Zasadkowe Bory Kolki: A O\u010di:\u00a0\u010diste, gonio: grade 2 (2024) Genetski testi:\u00a0FN, PFKD, Fucosidosis, AMS, PRA-Cord1, DM: all clear DAMS: carrier Dose\u017eki: JCH SI, SHOW CH SI, AUT CH, BBH, Rally Obedience [...]Read More\" \/>\n<meta property=\"og:url\" content=\"https:\/\/larsmankennel.com\/?page_id=60\" \/>\n<meta property=\"og:site_name\" content=\"Larsman\" \/>\n<meta property=\"article:publisher\" content=\"https:\/\/www.facebook.com\/larsmankennel\/\" \/>\n<meta property=\"article:modified_time\" content=\"2024-12-07T16:51:49+00:00\" \/>\n<meta name=\"twitter:card\" content=\"summary_large_image\" \/>\n<meta name=\"twitter:label1\" content=\"Est. reading time\" \/>\n\t<meta name=\"twitter:data1\" content=\"3 minute\" \/>\n<script type=\"application\/ld+json\" class=\"yoast-schema-graph\">{\"@context\":\"https:\/\/schema.org\",\"@graph\":[{\"@type\":\"WebPage\",\"@id\":\"https:\/\/larsmankennel.com\/?page_id=60\",\"url\":\"https:\/\/larsmankennel.com\/?page_id=60\",\"name\":\"Na\u0161i psi - Larsman\",\"isPartOf\":{\"@id\":\"https:\/\/larsmankennel.com\/#website\"},\"datePublished\":\"2020-08-30T10:58:42+00:00\",\"dateModified\":\"2024-12-07T16:51:49+00:00\",\"breadcrumb\":{\"@id\":\"https:\/\/larsmankennel.com\/?page_id=60#breadcrumb\"},\"inLanguage\":\"sl-SI\",\"potentialAction\":[{\"@type\":\"ReadAction\",\"target\":[\"https:\/\/larsmankennel.com\/?page_id=60\"]}]},{\"@type\":\"BreadcrumbList\",\"@id\":\"https:\/\/larsmankennel.com\/?page_id=60#breadcrumb\",\"itemListElement\":[{\"@type\":\"ListItem\",\"position\":1,\"name\":\"Home\",\"item\":\"https:\/\/larsmankennel.com\/\"},{\"@type\":\"ListItem\",\"position\":2,\"name\":\"Na\u0161i psi\"}]},{\"@type\":\"WebSite\",\"@id\":\"https:\/\/larsmankennel.com\/#website\",\"url\":\"https:\/\/larsmankennel.com\/\",\"name\":\"Larsman\",\"description\":\"Larsman kennel\",\"publisher\":{\"@id\":\"https:\/\/larsmankennel.com\/#organization\"},\"potentialAction\":[{\"@type\":\"SearchAction\",\"target\":{\"@type\":\"EntryPoint\",\"urlTemplate\":\"https:\/\/larsmankennel.com\/?s={search_term_string}\"},\"query-input\":\"required name=search_term_string\"}],\"inLanguage\":\"sl-SI\"},{\"@type\":\"Organization\",\"@id\":\"https:\/\/larsmankennel.com\/#organization\",\"name\":\"Larsman\",\"url\":\"https:\/\/larsmankennel.com\/\",\"logo\":{\"@type\":\"ImageObject\",\"inLanguage\":\"sl-SI\",\"@id\":\"https:\/\/larsmankennel.com\/#\/schema\/logo\/image\/\",\"url\":\"https:\/\/larsmankennel.com\/wp-content\/uploads\/2021\/01\/fnaejk.png\",\"contentUrl\":\"https:\/\/larsmankennel.com\/wp-content\/uploads\/2021\/01\/fnaejk.png\",\"width\":4724,\"height\":3034,\"caption\":\"Larsman\"},\"image\":{\"@id\":\"https:\/\/larsmankennel.com\/#\/schema\/logo\/image\/\"},\"sameAs\":[\"https:\/\/www.facebook.com\/larsmankennel\/\",\"https:\/\/www.instagram.com\/larsmankennel\/\"]}]}<\/script>\n<!-- \/ Yoast SEO plugin. -->","yoast_head_json":{"title":"Na\u0161i psi - Larsman","robots":{"index":"index","follow":"follow","max-snippet":"max-snippet:-1","max-image-preview":"max-image-preview:large","max-video-preview":"max-video-preview:-1"},"canonical":"https:\/\/larsmankennel.com\/?page_id=60","og_locale":"sl_SI","og_type":"article","og_title":"Na\u0161i psi - Larsman","og_description":"[vc_row bg_type=&#8221;image&#8221; parallax_style=&#8221;vcpb-default&#8221; bg_image_new=&#8221;id^24|url^https:\/\/larsmankennel.com\/wp-content\/uploads\/2020\/08\/bgslikataca4.png|caption^null|alt^null|title^bgslikataca4|description^null&#8221; bg_image_repeat=&#8221;no-repeat&#8221; bg_image_size=&#8221;contain&#8221; bg_image_posiiton=&#8221;bottom right&#8221; bg_override=&#8221;ex-full&#8221;][vc_column width=&#8221;1\/2&#8243;][vc_single_image image=&#8221;1104&#8243; img_size=&#8221;medium&#8221; alignment=&#8221;center&#8221;][vc_custom_heading text=&#8221;Luna&#8221; font_container=&#8221;tag:h2|text_align:center|color:%23bf582b&#8221; use_theme_fonts=&#8221;yes&#8221;][vc_column_text] Rojstni datum: 12.7.2020 Rodovni\u0161ko ime: Luna Rising Star Zasadkowe Bory Kolki: A O\u010di:\u00a0\u010diste, gonio: grade 2 (2024) Genetski testi:\u00a0FN, PFKD, Fucosidosis, AMS, PRA-Cord1, DM: all clear DAMS: carrier Dose\u017eki: JCH SI, SHOW CH SI, AUT CH, BBH, Rally Obedience [...]Read More","og_url":"https:\/\/larsmankennel.com\/?page_id=60","og_site_name":"Larsman","article_publisher":"https:\/\/www.facebook.com\/larsmankennel\/","article_modified_time":"2024-12-07T16:51:49+00:00","twitter_card":"summary_large_image","twitter_misc":{"Est. reading time":"3 minute"},"schema":{"@context":"https:\/\/schema.org","@graph":[{"@type":"WebPage","@id":"https:\/\/larsmankennel.com\/?page_id=60","url":"https:\/\/larsmankennel.com\/?page_id=60","name":"Na\u0161i psi - Larsman","isPartOf":{"@id":"https:\/\/larsmankennel.com\/#website"},"datePublished":"2020-08-30T10:58:42+00:00","dateModified":"2024-12-07T16:51:49+00:00","breadcrumb":{"@id":"https:\/\/larsmankennel.com\/?page_id=60#breadcrumb"},"inLanguage":"sl-SI","potentialAction":[{"@type":"ReadAction","target":["https:\/\/larsmankennel.com\/?page_id=60"]}]},{"@type":"BreadcrumbList","@id":"https:\/\/larsmankennel.com\/?page_id=60#breadcrumb","itemListElement":[{"@type":"ListItem","position":1,"name":"Home","item":"https:\/\/larsmankennel.com\/"},{"@type":"ListItem","position":2,"name":"Na\u0161i psi"}]},{"@type":"WebSite","@id":"https:\/\/larsmankennel.com\/#website","url":"https:\/\/larsmankennel.com\/","name":"Larsman","description":"Larsman kennel","publisher":{"@id":"https:\/\/larsmankennel.com\/#organization"},"potentialAction":[{"@type":"SearchAction","target":{"@type":"EntryPoint","urlTemplate":"https:\/\/larsmankennel.com\/?s={search_term_string}"},"query-input":"required name=search_term_string"}],"inLanguage":"sl-SI"},{"@type":"Organization","@id":"https:\/\/larsmankennel.com\/#organization","name":"Larsman","url":"https:\/\/larsmankennel.com\/","logo":{"@type":"ImageObject","inLanguage":"sl-SI","@id":"https:\/\/larsmankennel.com\/#\/schema\/logo\/image\/","url":"https:\/\/larsmankennel.com\/wp-content\/uploads\/2021\/01\/fnaejk.png","contentUrl":"https:\/\/larsmankennel.com\/wp-content\/uploads\/2021\/01\/fnaejk.png","width":4724,"height":3034,"caption":"Larsman"},"image":{"@id":"https:\/\/larsmankennel.com\/#\/schema\/logo\/image\/"},"sameAs":["https:\/\/www.facebook.com\/larsmankennel\/","https:\/\/www.instagram.com\/larsmankennel\/"]}]}},"_links":{"self":[{"href":"https:\/\/larsmankennel.com\/index.php?rest_route=\/wp\/v2\/pages\/60"}],"collection":[{"href":"https:\/\/larsmankennel.com\/index.php?rest_route=\/wp\/v2\/pages"}],"about":[{"href":"https:\/\/larsmankennel.com\/index.php?rest_route=\/wp\/v2\/types\/page"}],"author":[{"embeddable":true,"href":"https:\/\/larsmankennel.com\/index.php?rest_route=\/wp\/v2\/users\/1"}],"replies":[{"embeddable":true,"href":"https:\/\/larsmankennel.com\/index.php?rest_route=%2Fwp%2Fv2%2Fcomments&post=60"}],"version-history":[{"count":95,"href":"https:\/\/larsmankennel.com\/index.php?rest_route=\/wp\/v2\/pages\/60\/revisions"}],"predecessor-version":[{"id":1298,"href":"https:\/\/larsmankennel.com\/index.php?rest_route=\/wp\/v2\/pages\/60\/revisions\/1298"}],"wp:attachment":[{"href":"https:\/\/larsmankennel.com\/index.php?rest_route=%2Fwp%2Fv2%2Fmedia&parent=60"}],"curies":[{"name":"wp","href":"https:\/\/api.w.org\/{rel}","templated":true}]}}